
In base 3, what is -2 + 10020221?
10020212
In base 14, what is 3 - 2813?
-2810
In base 14, what is 16b + -1?
16a
In base 16, what is -6 - 2a?
-30
In base 6, what is 451352 + -3?
451345
In base 6, what is 20 - -11?
31
In base 15, what is -25a + -4?
-25e
In base 10, what is -1 - -83?
82
In base 8, what is -1030 + 0?
-1030
In base 7, what is 3 + -1323?
-1320
In base 10, what is 4 - -25?
29
In base 7, what is 35 - -155?
223
In base 15, what is -17 + -6?
-1d
In base 8, what is -5 - -7?
2
In base 3, what is -1 + -2020?
-2021
In base 16, what is 5 + -9?
-4
In base 7, what is 1530 - 11?
1516
In base 13, what is -2 - -5b?
59
In base 14, what is 0 + 0?
0
In base 13, what is -1 - -31?
30
In base 3, what is 1 + 10212202?
10212210
In base 13, what is -220 - -3?
-21a
In base 12, what is -13a5 - 1?
-13a6
In base 6, what is 10 + -351?
-341
In base 11, what is 0 - 1019?
-1019
In base 10, what is -1093 - -2?
-1091
In base 13, what is 5 + -21?
-19
In base 16, what is -1d64 - 3?
-1d67
In base 8, what is 135 - -2?
137
In base 14, what is -d9 + -7?
-102
In base 4, what is -2 - 1?
-3
In base 13, what is 5 + -64?
-5c
In base 6, what is -5 - 121?
-130
In base 6, what is 123 + -1101?
-534
In base 11, what is 1 + -393?
-392
In base 16, what is -4 - -1e4?
1e0
In base 6, what is -10443 - 4?
-10451
In base 9, what is 4 - -618?
623
In base 8, what is -240 + 3?
-235
In base 16, what is -37 + -4?
-3b
In base 8, what is 216 + 0?
216
In base 5, what is 334 - 13?
321
In base 13, what is -67 - 2?
-69
In base 7, what is 10325 - -3?
10331
In base 3, what is 1022 + 2?
1101
In base 7, what is -5 + 33026?
33021
In base 13, what is 2 - -c9?
cb
In base 6, what is 2 - 123?
-121
In base 4, what is 2 - -211032?
211100
In base 11, what is 13 - 1026?
-1013
In base 16, what is -b + -2?
-d
In base 11, what is -7 + -9?
-15
In base 7, what is -146 + 506?
330
In base 2, what is 0 - 110111?
-110111
In base 4, what is -1102 - -20?
-1022
In base 6, what is -122 - -1222?
1100
In base 14, what is 4 + 6d?
73
In base 16, what is -1 + 7a?
79
In base 13, what is 3 + 63?
66
In base 6, what is -1 - -31?
30
In base 2, what is 101 + 1001011011?
1001100000
In base 7, what is 65 + 53?
151
In base 2, what is 10001011001 + 0?
10001011001
In base 10, what is -5 + 986?
981
In base 12, what is a + -209?
-1bb
In base 9, what is -10 - -68?
58
In base 8, what is 1 - 1122?
-1121
In base 8, what is 31567 - -5?
31574
In base 5, what is -302 - -34?
-213
In base 8, what is 227 - -5?
234
In base 3, what is -1110201 - 2?
-1110210
In base 10, what is 1060 + -6?
1054
In base 11, what is 32 - -12?
44
In base 8, what is -4651 + 5?
-4644
In base 2, what is 1110 - 1001100?
-111110
In base 12, what is -301 + -1?
-302
In base 12, what is -29 - -2?
-27
In base 7, what is -2623 + 25?
-2565
In base 4, what is 211110 - -2?
211112
In base 10, what is 1526 + 3?
1529
In base 3, what is -1011 - -101?
-210
In base 3, what is 2 - 220?
-211
In base 3, what is -22 + 1102?
1010
In base 3, what is 2 + -12012?
-12010
In base 3, what is -200200 - 12?
-200212
In base 7, what is -5540 + 0?
-5540
In base 6, what is -103 + -333?
-440
In base 4, what is 10 + -1030?
-1020
In base 15, what is 184 + 2?
186
In base 16, what is -7 - -1c?
15
In base 9, what is -10 - -25?
15
In base 13, what is -108 - 1?
-109
In base 14, what is 195c - -4?
1962
In base 16, what is 6ba + 0?
6ba
In base 16, what is 3 - 17da?
-17d7
In base 8, what is -12 + -7?
-21
In base 13, what is -1 + -2cb?
-2cc
In base 11, what is -3 - 270?
-273
In base 12, what is -4 + 194?
190
In base 11, what is -19 - -1440?
1422
In base 10, what is 33 - 4?
29
In base 11, what is -58 + -2?
-5a
In base 10, what is -93 + 46?
-47
In base 16, what is 2 + 547?
549
In base 2, what is 1001100110 - 11?
1001100011
In base 7, what is -52 - 11?
-63
In base 12, what is 5 + 256?
25b
In base 4, what is -2333 - 3?
-3002
In base 12, what is 6 - -10?
16
In base 13, what is -2aa + 2?
-2a8
In base 6, what is -2 - 23222?
-23224
In base 4, what is 0 + -1123230?
-1123230
In base 5, what is 12132 + 3?
12140
In base 15, what is 2 - 63?
-61
In base 6, what is 5 + -210?
-201
In base 16, what is -1 - -11f8?
11f7
In base 5, what is 10 - -1332?
1342
In base 11, what is -383 + 0?
-383
In base 2, what is -10111111001 - 0?
-10111111001
In base 5, what is 10 + -2104?
-2044
In base 13, what is 4 + 12?
16
In base 3, what is -122010210 - 10?
-122010220
In base 7, what is -1123 + 0?
-1123
In base 5, what is -1 + 20?
14
In base 15, what is 4 + -c9?
-c5
In base 8, what is -24 - 24?
-50
In base 12, what is 5 - -8b6?
8bb
In base 8, what is 4 - -1516?
1522
In base 15, what is 2 - a3?
-a1
In base 4, what is -10200 + -1?
-10201
In base 14, what is 3 + 1b50?
1b53
In base 7, what is 3 - -1351?
1354
In base 7, what is -20 - 2126?
-2146
In base 16, what is -3c + -4?
-40
In base 3, what is 2001 + 101222?
111000
In base 14, what is -aa + d?
-9b
In base 11, what is 42 - 2?
40
In base 2, what is 101 - -10100001111?
10100010100
In base 4, what is 133303 - 3?
133300
In base 10, what is 1562 + 0?
1562
In base 15, what is 5c + 1?
5d
In base 8, what is -15 - 136?
-153
In base 2, what is -1001001000010 + 10?
-1001001000000
In base 10, what is 12 - 8?
4
In base 5, what is 32 + 14?
101
In base 11, what is 2a33 + -4?
2a2a
In base 2, what is -1001110100 + 1?
-1001110011
In base 4, what is 23 - 1133?
-1110
In base 14, what is 3 - 3?
0
In base 16, what is -1 - -2?
1
In base 8, what is -1 - -132?
131
In base 9, what is 0 - -14?
14
In base 9, what is 3 + 1142?
1145
In base 12, what is 427a + -5?
4275
In base 6, what is 1 - 1545?
-1544
In base 6, what is -44314 - -4?
-44310
In base 13, what is -69 - -7?
-62
In base 5, what is -3 - -204?
201
In base 11, what is -1982 + -4?
-1986
In base 16, what is 30c - -1?
30d
In base 13, what is 5 - 175?
-170
In base 8, what is -367 + -27?
-416
In base 12, what is -8 - 5?
-11
In base 14, what is -54 + -3?
-57
In base 10, what is 17 - 83?
-66
In base 5, what is 0 + 123400?
123400
In base 14, what is 21d - b?
212
In base 4, what is -103 - -31231?
31122
In base 9, what is -184 + 2?
-182
In base 3, what is -210 + 1211?
1001
In base 3, what is -12 - 1112002?
-1112021
In base 2, what is -1110 + -110111?
-1000101
In base 13, what is -1 - 288?
-289
In base 13, what is -2 - -54?
52
In base 5, what is 433 - -3?
441
In base 8, what is 20 - -12?
32
In base 15, what is 193 + -19?
179
In base 9, what is -180 + 57?
-122
In base 2, what is -110010000001 + 1?
-110010000000
In base 5, what is 213 + 104?
322
In base 8, what is -1 + 25?
24
In base 9, what is -4 + 78?
74
In base 16, what is -4 - -8d?
89
In base 10, what is 3 - 4103?
-4100
In base 3, what is -2 - 12212?
-12221
In base 10, what is 2 - 403?
-401
In base 11, what is -a6 + 32?
-74
In base 9, what is -4 - 22?
-26
In base 3, what is -1 - 10100?
-10101
In base 9, what is -14 - 28?
-43
In base 6, what is 20 - -25?
45
In base 7, what is -15052 - 0?
-15052
In base 7, what is -20 + -4?
-24
In base 15, what is 3 + b1?
b4
In base 14, what is -424 + 1?
-423
In base 16, what is -7 + -2?
-9
In base 15, what is 0 - -631?
631
In base 6, what is 1 + 151?
152
In base 16, what is 1 - -1e37?
1e38
In base 12, what is a7 + 60?
147
In base 13, what is -913 + 2?
-911
In base 8, what is 15 + -35?
-20
In base 12, what is -58 - -20?
-38
In base 10, what is 1 + -523?
-522
In base 15, what is -1 - -98?
97
In base 15, what is 35 + 28?
5d
In base 16, what is 9 + bd?
c6
In base 10, what is -26 - -3?
-23
In base 14, what is 0 - -75?
75
In base 5, what is 10 + 1212?
1222
In base 9, what is -44674 - -5?
-44668
In base 16, what is -32 - 5?
-37
In base 9, what is 838 - 1?
837
In base 10, what is 3 - -77?
80
In base 6, what is 34 - 2154?
-2120
In base 6, what is 244 - 43?
201
In base 13, what is -5 + -258?
-260
In base 15, what is -8 + 52?
49
In base 13, what is -5 - -53?
4b
In base 2, what is 10110000010 + 110?
10110001000
In base 12, what is 4a + 3?
51
In base 11, what is -294 + -2?
-296
In base 7, what is 0 - -16?
16
In base 14, what is 4 - -3758?
375c
In base 9, what is -6 + 3874?
3867
In base 13, what is a4 - 4?
a0
In base 3, what is -200 + 12?
-111
In base 16, what is 3 - -24?
27
In base 7, what is 213 + -20?
163
In base 3, what is 20 - -11?
101
In base 8, what is -1604 + 2?
-1602
In base 14, what is 34 - 5?
2d
In base